**2 - m - 1. Let k = 1 - -1. Suppose -5*z - k*h = 0, 5*z - 3*h + 25 = -0*h. Let d be ((-1)/z + 0)*0. Give p(d).
-1
Suppose 0 = -2*m + 16 + 10. Let f(k) = 2*k**2 - 2*k - 4. Let b be f(3). Let t = m - b. Let i(g) = g**2 - 6*g + 7. Calculate i(t).
2
Suppose 4*b - 20 = -4*s, 0 = -3*s - b + 4 + 9. Let d(p) = -p**3 + 5*p**2 - 2*p - 3. Calculate d(s).
5
Suppose 0 = 3*x - q - 3, -4*x + q + 5 = 2. Let t(w) be the second derivative of x - w**2 + 1/6*w**3 + w + 5/12*w**4 - 1/20*w**5. Give t(5).
3
Let z(m) be the second derivative of -m**4/12 - m**3 + m**2 - 13*m. Calculate z(-6).
2
Suppose -l - v + 0*v = 0, -l = 3*v + 4. Let g(c) = -l*c**2 - 2*c**3 + c**3 - 2*c**3 + 2*c**3 - 4. Determine g(-3).
5
Let f(o) = o**2 - 10*o + 7. Let n = 47 - 40. Calculate f(n).
-14
Let p = -7 + 12. Let b(j) = p*j - j - 3*j. Suppose 5*g = -3*q - 10, 4*g = -3*q - 2 - 9. Determine b(q).
-5
Let i(d) = -2*d + 5. Let o(g) = -g - 1. Let n(t) = -i(t) + o(t). Suppose 5*f = 3*z + 2*f - 27, -z = 2*f + 3. What is n(z)?
-1
Let d(l) be the second derivative of l**3/6 + 2*l**2 + l. Let b be d(-3). Let f(r) be the second derivative of -r**3/6 + r**2/2 - 7*r. Give f(b).
0
Let m(l) = -l**2 - 2*l + 6. Let j = -13 + 7. What is m(j)?
-18
Let r(x) be the first derivative of -5 + 2*x**2 - 1/3*x**3 + x. What is r(6)?
-11
Let q(u) = u + 3. Let k be q(0). Let d(l) = 3*l + 4 + l - 2*l. Calculate d(k).
10
Let g(q) be the first derivative of 0*q**3 - 3 + 0*q - q**2 - 1/24*q**4 - 1/30*q**5. Let a(v) be the second derivative of g(v). Calculate a(-2).
-6
Let v(g) = g**3 - 5*g**2 + 5*g - 4. Let w be 0 + 3/(-3 - -4). Give v(w).
-7
Let u(q) = 2*q + 2*q**3 + 4*q - q**3 - q**2 - 6*q**2. Let f(j) = -j + 1. Let l be f(-5). Let t be u(l). Let x(k) = k**3 - k**2 + 3. What is x(t)?
3
Let z(h) = h**3 + 3*h**2 - h. Let y be (-2)/11 + (-31)/11. Give z(y).
3
Let z(m) = -m**2 - 3*m + 4. Let k(s) = -s**2 + s. Let t(n) = 2*k(n) - z(n). Calculate t(5).
-4
Suppose 28 = -2*f + 6*f - 5*v, 4*f = -4*v - 8. Let b be -8 - ((-6)/f - 0). Let p(a) = -5 - 6*a + 5*a - 4. Determine p(b).
-4
Let g(j) = -6*j**2 + 9*j - 4*j**2 + 5*j**2 - j**3 + 6. Determine g(-6).
-12
Let w(n) = 5 + 45*n**2 + 4*n + 0 + 2*n - 44*n**2. What is w(-5)?
0
Let g = 4 + -2. Suppose 0 = -4*v + g*a + 22, 4*v + 2 = -4*a + 6. Let m(q) = -2*q - 3. Calculate m(v).
-11
Suppose -4*g + 2 = -6. Let o(y) = -3*y**3 + 5*y**2 - 5 + 4*y**3 + 2*y + g*y + 0*y. Let t = 2 + -6. What is o(t)?
-5
Let c(b) = -b - 6. Let n(m) = -6. Let x(o) = -3*c(o) + 2*n(o). Calculate x(-4).
-6
Let o(h) = -20*h**3 - 11*h**2 + 5*h + 23. Let v(p) = -7*p**3 - 4*p**2 + 2*p + 8. Let a(z) = -6*o(z) + 17*v(z). Calculate a(2).
6
Let f(w) = 4*w - 3. Let x(i) = -11*i + 8. Let p(y) = 8*f(y) + 3*x(y). Let m(h) = h**2 + 3*h. Let a = 11 + -12. Let k(o) = a*m(o) - 6*p(o). What is k(5)?
-10
Let w(r) = -5*r**3 - 4*r**2 + r - 4. Let b(o) = 4*o + 5. Let p(h) = -h**3 - h**2 + h. Let j(g) = -b(g) + 5*p(g). Let l(t) = 3*j(t) - 4*w(t). Calculate l(1).
6
Let j(v) = -v - 3. Let a(o) = 1. Let r(q) = -5*a(q) - j(q). Calculate r(10).
8
Let p be (-4 - -6)*(-3)/(-6). Let m(n) = n**2 + 3*n**2 + p + 0*n**2 + n - 5*n**2. Calculate m(4).
-11
Let y(r) be the first derivative of -r**3/3 - r**2/2 - 9. Calculate y(-3).
-6
Let z(x) be the first derivative of -x**2/2 - x + 19. Determine z(-5).
4
Let s(o) = -3. Let v(n) = n + 1. Let k(m) = s(m) + 6*v(m). Calculate k(-2).
-9
Let j(d) = d + 9. Let h be 2*-3 - (-3 + 2). Let g = h + 1. Determine j(g).
5
Let f(x) be the third derivative of x**5/60 + x**4/6 - 9*x**2. Determine f(-3).
-3
Let m(r) = -2*r - 11. Let n(t) = -t - 6. Let c(z) = 6*m(z) - 11*n(z). Let v(x) = 3*x - 1. Let y(j) = -5*c(j) - v(j). Calculate y(-2).
-3
Let v(o) be the second derivative of o**5/20 - 5*o**4/12 - 3*o**3/2 + 2*o**2 - 7*o. Calculate v(6).
-14
Let p(s) = s**2 + 18*s + 46. Let q be p(-15). Let j(d) = -8*d**3 - 2*d**2 + d. What is j(q)?
-9
Let v(s) be the first derivative of -s**3/3 - 3*s**2/2 + 4*s - 1. Let o(f) = -f - 7. Let p be o(-4). Determine v(p).
4
Let k(t) be the first derivative of -t**3/3 + 9*t**2/2 + 10*t + 24. Give k(9).
10
Let b(g) = -g - 3. Suppose -10 = v + 5*o, o - 2*o - 16 = 3*v. Let y = v - -7. Suppose 0 = 3*l + y*l. Determine b(l).
-3
Let h(u) = -u**2 - 3*u - 13. Let y(x) = 2*x**2 + 7*x + 25. Let r(k) = -7*h(k) - 4*y(k). Determine r(-6).
-3
Let u(w) be the second derivative of -1/2*w**2 + 5*w + 0 - 1/6*w**3. Calculate u(-7).
6
Let c(r) = 3*r**3 + 7*r**2 + 4*r - 5. Let f(n) = -n**3 - n**2 - n. Let q(b) = c(b) + 2*f(b). Let u = 3 - 7. Give q(u).
3
Let m(t) be the first derivative of t**4/4 - t**3 + 2*t**2 - 3*t + 2. Determine m(2).
1
Let k(n) = -n. Let q be k(-5). Let r(x) = -x**3 + 6*x**2 - 3*x - 3. Give r(q).
7
Let s(l) = -3*l**2 - 3*l + 13. Let h(k) = -4*k**2 - 4*k + 19. Let x(i) = -5*h(i) + 7*s(i). Let n = -12 + 12. Give x(n).
-4
Let d = 7 - 4. Let k(b) = d*b + 5*b - 5*b - 2*b + 3. Suppose -3 = -n + 2*n. Determine k(n).
0
Let x(h) = -h**2 + 6*h - 1. Let m(d) = 2*d**2 - 12*d + 2. Suppose 6*p - 3*p = -27. Let b(s) = p*x(s) - 4*m(s). What is b(4)?
-7
Let a(f) = -f - 5. Let o = 0 + -5. Determine a(o).
0
Let b(a) = a - 1. Let v(y) = 4*y + 3. Let k(p) = 4*b(p) + v(p). Determine k(2).
15
Let o(q) = -7*q**3 - 7*q**2 - 5*q - 7. Let r(g) = 8*g**3 + 8*g**2 + 6*g + 8. Let t(x) = 7*o(x) + 6*r(x). What is t(-2)?
1
Let c(o) be the second derivative of -o**4/12 + 3*o**3/2 + 2*o**2 + 8*o. What is c(9)?
4
Let p(y) = 2 + 3 + 0*y**2 - 7*y - 3*y**2 + 4*y**2. Suppose -4*z + 22 + 0 = -2*w, z - 4 = w. Let d = z + -3. Calculate p(d).
-7
Let v(d) be the third derivative of -d**5/60 - 7*d**4/12 - 7*d**3/3 - 4*d**2. Let h be v(-13). Let f(a) = a + 2. What is f(h)?
1
Suppose 3 + 3 = z. Let j(n) = n**3 - 6*n**2 + 2*n - 9. Calculate j(z).
3
Let i(n) = 3 + 1 - 2 - 6. Suppose -m = 3*t + 8, 0 = -0*m - 2*m + 4*t + 34. Let g(v) = -v + 9. Let d(q) = m*i(q) + 3*g(q). Give d(-4).
11
Let m(a) = -a**3 - 5*a**2 + a - 3. Let p(x) = x**2 - 8*x + 2. Let o be (39/(-6) + 3)*-2. Let t be p(o). Calculate m(t).
-8
Let k(m) = -8*m - 8. Let h(n) = -7*n - 7. Suppose 15 = 2*l - 2*o - 7, 4*o = 5*l - 50. Let r(x) = l*k(x) - 7*h(x). Calculate r(-3).
-2
Let n(i) = -i**3 - 5*i**2 - 6*i - 4. Suppose 3*b - 22 = -4*l, 26 - 10 = 2*b + 3*l. Suppose z - b*z = 4. Give n(z).
4
Let m(x) be the first derivative of -x**4/4 - 2*x**3 + 3*x**2/2 + x + 2. Give m(-6).
-17
Let h(i) = i**3 - 5*i**2 - 3*i - 3. Let l(u) = -3*u + 15. Let p be l(3). Give h(p).
15
Let a(x) = x**3 + 2*x**2 + 3*x - 2. Let j(f) = -3*f**3 - 7*f**2 - 8*f + 7. Let h(b) = -8*a(b) - 3*j(b). Determine h(-5).
-5
Let r(i) be the first derivative of i**2 - 3*i - 4 + 1/3*i**3. Let o(j) = -j**2 - 2*j. Let q be o(-3). What is r(q)?
0
Let o(x) be the third derivative of -x**6/120 + x**5/20 + x**4/8 + x**3/6 - 4*x**2. Suppose 0 = -4*n + 14 + 2. Determine o(n).
-3
Let p(s) = -s**3 - 4*s**2 + 3*s - 5. Suppose m + 4 - 8 = 0. Suppose 0*w - 8 = m*w. Let k = w - 3. What is p(k)?
5
Let q(a) = a**3 - 4*a**2 - 4*a - 6. Let n(i) = -2*i - 15. Let y be n(-10). Determine q(y).
-1
Let y(m) = 4*m**2 + 6*m - 3. Suppose -2 - 8 = -2*n. Let g(j) = -5*j**2 - 7*j + 4. Let u(d) = n*g(d) + 6*y(d). Give u(4).
-10
Let b(l) = -3 + 9*l - 6*l + 2. Determine b(-1).
-4
Let h(g) = -2*g**2 - 2*g - 3. Let p be (-8)/44 + (-282)/22. Let f = p + 11. Calculate h(f).
-7
Suppose 5*j + 4*h - 20 = -h, -8 = -3*j + h. Suppose 0 = 3*b - 4*b + j. Let n(k) = k**2 + 0 + b*k**3 + k - 2 - 4*k**3. Determine n(0).
-2
Let c(q) be the third derivative of q**6/120 + q**5/60 + q**4/24 + q**3/6 + 10*q**2. What is c(0)?
1
Let x(u) = -u**3 + u + 1. Let o(z) = 3*z**3 + 6*z**2 - z - 6. Let t(f) = -o(f) - 2*x(f). Calculate t(-5).
-16
Let o(p) = -27*p + 13*p + 15*p + 1. Determine o(5).
6
Let r(x) = x**3 - 5*x**2 + 5*x - 4. Suppose o = 2 + 2. Give r(o).
0
Let t(d) = d - 2. Suppose z + 2*z + 6 = 0. Let x be (z/(-2))/((-2)/(-12)). Let j = x - 9. What is t(j)?
-5
Let b be 29/3 + 4/(-6). Suppose -2*a + b = a. Let g(z) = 1 - 4 + 9*z - z**2 - a*z. Give g(5).
2
Let o(d) be the third derivative of 0*d - 1/6*d**3 + 0 + 3*d**2 + 1/24*d**4. Calculate o(5).
4
Let x(k) = 2*k - 1. Let m(z) = z**3 + z + 2. Let y be m(0). Suppose 1 = y*a - 3. What is x(a)?
3
Let k(n) be the second derivative of -n**5/60 + n**4/8 - n**3/6 - n. Let c(j) be the second derivative of k(j). Suppose 25*b - 27